 is the tens digit of 86 - (-4)/(-2)*(-72)/(-48)?
8
Let m(q) = -q**2 - 15*q + 13. Let l(w) = -w**3 - 12*w**2 - w - 27. Let d be l(-12). What is the tens digit of m(d)?
1
Let u be (-1)/((24/18)/(-4)). Suppose g - u*z = -3*g + 1125, 4*z - 4 = 0. What is the units digit of g?
2
Let i(f) = f**3 + 71*f**2 - 29*f - 131. What is the hundreds digit of i(-71)?
9
Let a(o) = o. Let q(z) = -2*z - 20 - z**2 + 2*z**2 - z**3 - 2*z**2 - z. Let u(g) = -2*a(g) - q(g). What is the tens digit of u(0)?
2
What is the hundreds digit of 339 + -1 + ((-9)/3 - -7)?
3
Suppose -3*f + 1 + 8 = 0. Suppose o = -f*x + 5*o - 100, -4*x + 5*o - 133 = 0. What is the tens digit of (-2 + 1)/(2/x)?
1
Suppose 0 = -3*q - 2*h - 42, -q - 3*h = 2*h + 27. What is the tens digit of 18*(-13)/(26/q)?
0
Let s = -904 - -5314. What is the hundreds digit of s?
4
Let h(u) = 30*u**2 + 14*u - 74. What is the units digit of h(10)?
6
Suppose -d + 0 = -3. Suppose -3 - 6 = d*b. What is the tens digit of (-66)/(-3) + (b - -3)?
2
Let i = -15 + 18. Suppose -7*s + i*s + 120 = 0. What is the tens digit of s?
3
Let w be 230/(-8)*(3 - 7). Suppose 0*i = -5*i + w. What is the tens digit of i?
2
Suppose 0 = 5*d + 5*b - 1645, b - 1177 = -4*d + 151. What is the hundreds digit of d?
3
Let p(u) = -12*u**2 - 2 + u - 2*u + 2*u**2. Let r be p(-2). What is the tens digit of r/(4/(-6 + 4))?
2
Suppose 69 = 2*i + i. Suppose 0*h - h + i = 0. Let d = h - 11. What is the tens digit of d?
1
Suppose 2*s - 14 = 4*s. Suppose 0 = -2*c + 5*g + 6, -4*g - 1 = 5*c + 17. What is the units digit of (4/c)/(s/28)?
8
Let f(i) = -4*i - 17. Let y be f(-5). What is the units digit of y/(-5) - (-3672)/45?
1
Let l be 3 + -6 + 1 + 3. Let c(m) = 2*m - 2. Let b be c(l). Suppose 0 = -b*w + w - 3. What is the units digit of w?
3
Let w(p) = -7*p**2 + 5 - p + p**2 + 5*p**2. Let c be w(-3). What is the units digit of c/(-6) + 105/18?
6
Let v = -6 + 10. Let u be (-2)/v*(-13 + -1). Suppose 5*o + m - 45 = 0, o - u*m - 35 = -2*m. What is the units digit of o?
0
Let o be 3/2*66/9. Let h(l) = l**2 - 10*l - 16. Let b be h(o). What is the tens digit of b*((2 - 3) + -1)?
1
Let i = 11 - 7. Suppose 0 = 3*h - 4*z - 209, 0*z - 237 = -i*h - 3*z. What is the tens digit of h?
6
Let z(y) = -y**2 + 22*y - 20. Suppose 0 = 6*h - 116 + 14. What is the units digit of z(h)?
5
Let c(p) = 4*p + 5. Let d be c(5). Let g(a) = a**3 - 3*a**2 + a. Let t be g(3). What is the units digit of t/(-4 + 1) + d?
4
Suppose 236 = -5*t + t. Let v = t - -104. What is the tens digit of v?
4
Suppose 2*h - 916 = -2*p + 6394, p - 4*h = 3675. What is the tens digit of p?
5
Let a(n) = -n**2 + 12*n - 6. Suppose -4*f + 4*s + 40 = 0, 2*f + 0 = -5*s + 34. Let z be a(f). Let k = 15 + z. What is the units digit of k?
9
Let h(o) = -7*o**2 + 1. Let v be h(-2). Suppose -8 = -2*a + 3*c + 6, 3*a + 5*c + 17 = 0. Let r = a - v. What is the tens digit of r?
2
Let s = -821 - -1470. What is the units digit of s?
9
Let z = 10 + 73. Suppose -353 = -5*n - z. What is the tens digit of n?
5
Suppose 6 = 2*q, 3*s + 5*q - 299 = 157. What is the units digit of s?
7
Let h = -32 - -16. What is the tens digit of h/12*-48 - 3?
6
Let w(q) = 59*q + 143. What is the hundreds digit of w(9)?
6
Let n be 27 + -9 + (0 - 1). Let t = n - 2. What is the tens digit of t?
1
Let m(k) = -4 + 16 - 164*k - 12. What is the hundreds digit of m(-1)?
1
Let l(f) be the first derivative of -13*f**2/2 - 14*f + 9. What is the tens digit of l(-11)?
2
Let w(y) = -y**2 - 10*y + 8. Let t be w(-10). Let l(m) = 9*m - 28. What is the units digit of l(t)?
4
Let v = 545 + -286. What is the units digit of v?
9
Let t = 23 - 39. Let r = -13 - t. Suppose r*c - 180 = -c. What is the units digit of c?
5
Let i be (-2)/8 - (-36)/16. Let a = i + 1. Suppose 2*n + 56 = 4*d, 0 = a*d - 2*n + 3*n - 47. What is the units digit of d?
5
Let b(i) = 5*i**3 - i**2 - 6*i + 40. What is the hundreds digit of b(4)?
3
Let r(i) = -i**3 + 6*i**2 + 8*i - 3. Let p be r(7). Suppose p*a - 23 - 221 = 0. What is the units digit of a?
1
Let y(r) = 2*r**2 - 13*r + 8. Let d be y(9). Suppose d*u - 56*u + 108 = 0. What is the tens digit of u?
3
Suppose -1468 = -2*p - 3*b + 775, -2*p = 4*b - 2242. What is the units digit of p?
3
Let o(i) = -i - 4. Let b be o(-8). Suppose 3*x = -2*j + 6 + 26, b*j = 2*x + 64. Suppose 4*m + j = d, d - 3*d - 3*m + 54 = 0. What is the tens digit of d?
2
Suppose -192*c = -190*c - 10. Let g be 0 + (-2)/2 + 295. Suppose q = -c*q + g. What is the units digit of q?
9
Let o = 757 - 283. What is the hundreds digit of o?
4
What is the tens digit of 4018/8 - (-177)/236?
0
Let y(i) be the first derivative of -i**3/3 + 8*i**2 - 21*i - 4. What is the tens digit of y(7)?
4
Suppose 7*k = 10 + 81. Suppose 0 = k*n - 342 + 17. What is the tens digit of n?
2
Let k(h) = -h**2 + h - 1. Let a be k(0). What is the units digit of ((-23)/a)/((-10)/(-50))?
5
Let a(v) = 703*v**2 + 19*v - 33. What is the thousands digit of a(2)?
2
Suppose -5*l - y + 6*y = -1875, 3*y = -l + 395. Suppose l = 4*f + f. What is the tens digit of f?
7
Let t = -273 + 653. What is the units digit of t?
0
Suppose -4*h + 612 = 2*z, 2*z - 730 = h - 108. What is the units digit of z?
0
Suppose -1136 = 4*j + 4*g, -j - 2*j = 4*g + 857. Let h = 427 + j. What is the units digit of h?
8
Let t = -3262 - -4671. What is the hundreds digit of t?
4
What is the units digit of 21/7 + -3 + 583?
3
Suppose 0 = -a - 2*d - 10, -8*a + 11*a + 3*d = -18. Let g(v) = 35*v + 1. Let l(c) = -7*c. Let s(o) = 4*g(o) + 22*l(o). What is the units digit of s(a)?
2
Suppose -4*h + 31 = -25. Let t = h + -7. What is the units digit of 2*(-2)/(-4)*t?
7
Let g(n) = -31*n - 902. What is the tens digit of g(-31)?
5
Let y(b) = -2*b**3 + 73*b**2 + 45*b + 85. What is the units digit of y(36)?
1
Let s = 137 - 139. Let n(g) = -129*g + 6. What is the tens digit of n(s)?
6
Suppose -4*k + 7 = -5. Suppose 5*w + 3 + 2 = h, -k*w - 16 = 2*h. Let l(p) = p**2 - p. What is the units digit of l(w)?
6
Suppose 3*w - 5*b - 37 = 0, -b + 40 = 5*w - 5*b. Suppose w*v + v = 485. What is the tens digit of v?
9
Suppose 11*k - 27136 = -5*k. What is the hundreds digit of k?
6
Suppose d = 3*t + 2261, 5*d - 9*t - 11377 = -12*t. What is the thousands digit of d?
2
Suppose 7*h - 826 = -112. What is the units digit of h?
2
Suppose -n - n = -8. Suppose n*z = -6 - 6. Let r = 6 + z. What is the units digit of r?
3
Let o = -1 - -13. Let c be ((-306)/4)/((-6)/o). Suppose 4*x - 5*l - 85 = c, x - 60 = l. What is the units digit of x?
2
Let v = 140 + 34. What is the tens digit of v?
7
Suppose -4*m + 8 = 88. What is the units digit of 5/m*(-16)/2?
2
Let c = 44 - 41. Let l = c + 13. What is the tens digit of l?
1
Let h = -42 - -39. What is the units digit of 3219/58 - (-2)/(-4)*h?
7
What is the units digit of 13978/(-29)*(0 + -3)?
6
Suppose 4*d = 5*d + 2. What is the units digit of (-6)/(1/24*d)?
2
Let r(s) = -s**3 - s**2 - 3*s + 5. Let b be r(2). Let q(f) = f**2 + 12*f + 6. What is the tens digit of q(b)?
1
Let h = -49 + 53. Suppose 6*g - 576 = 2*g + 2*v, -h*g + 578 = -3*v. What is the units digit of g?
3
Suppose -9*t + 4*t + 914 = -3*p, -709 = -4*t - 5*p. What is the hundreds digit of t?
1
Let c = 68 + -134. Let t be (-2)/(-3) - c/(-18). What is the tens digit of (-3 + t)/(-2) + 9?
1
Let z be (-7 + 1)*(-9)/(-2). Let h = -4 - z. Suppose 3 - h = -2*b. What is the units digit of b?
0
Let q(v) = -8*v - 1. Let g be q(-15). Suppose -2*z - 38 = 4*u, 5*u + g = -5*z + 3*u. Let a = -20 - z. What is the units digit of a?
5
Let h(p) be the third derivative of -7*p**4/12 - 29*p**3/6 - p**2. What is the units digit of h(-12)?
9
Let j(q) = -5*q + 2. Let m be j(0). What is the units digit of (-11 - -167) + m*(-6)/4?
3
Let y = -606 - -1605. What is the hundreds digit of y?
9
Suppose 0 = 4*g - 17 + 45. Let k = -7 - g. Suppose 5*h - 2*h - 57 = k. What is the tens digit of h?
1
Let a be -4 + (-5)/(-15)*3. What is the units digit of 25 + (-4 - a/1)?
4
What is the units digit of ((13 - 234) + 2)*8/(-3)?
4
Suppose -3*m + 0*m - 6 = 0. Let v(a) = -12*a + 13. Let d be v(2). What is the units digit of 156/11 - m/d?
4
Suppose -7*k + 2*p = -2*k - 112, 4*k + 2*p = 104. Suppose 24 = 3*o - k. What is the units digit of o?
6
Suppose 3*x = 5*p + 72, -55*x - 120 = -60*x - 4*p. Let v = -2 + 12. Let s = x - v. What is the tens digit of s